ctors of (-497)/(-21) - z/6?
2, 3
Suppose -2*f + 24 = 2*f. Suppose d = f*d - 225. List the prime factors of d.
3, 5
Let g(l) = 6*l**2 + 13*l - 21. List the prime factors of g(11).
2, 53
Let j(v) = -v + 214. Let i be j(0). What are the prime factors of i/2 - (-2 - 1/(-1))?
2, 3
List the prime factors of ((-670)/2)/((-355)/5254).
2, 37, 67
Suppose 3*b - o - 711 = -0*o, 2*b - 5*o - 487 = 0. Suppose -b + 576 = 2*x. Suppose 5*n - x = -35. What are the prime factors of n?
3
Let h(p) = p**3 + 7*p**2 + 6*p + 4. Let c be h(-6). Let l(f) = 17*f - 1. Let b be l(c). Suppose -3*z + 62 = -b. What are the prime factors of z?
43
Let t be 1*(-3 + -4 - -2). Let a = t + 13. What are the prime factors of a?
2
Suppose 8 = -4*u, -o + 4*u + 1119 = u. List the prime factors of o.
3, 7, 53
Let w(c) = -c**2 + 0*c + 2 - 1 + 8*c**2 + 2*c. Let y be w(-1). List the prime factors of y/12 - 22/(-4).
2, 3
Let h be (-1)/2 + 81/18 - 2. What are the prime factors of (31 + 8)*(h + 1)?
3, 13
Let o(d) = 4*d + 3. Let w(p) = -p. Let j(q) = o(q) - 4*w(q). Let f be j(3). Suppose s + f = 2*s. What are the prime factors of s?
3
Let k(c) = -8 + 3*c**2 - c - 2*c - 1. Let d be k(-5). Let x = d - 47. What are the prime factors of x?
2, 17
Let l = -96 + 152. Let q = -11 - -13. Suppose -s + 5*k = q*s - 44, 2*s - l = -2*k. List the prime factors of s.
23
Suppose 6 = 2*o - 0. Let u be 5 + 3 + (o - 7). Suppose -3*x - 3*h + 48 = 0, -h = -u*x + 2 + 37. List the prime factors of x.
11
Suppose 0 = 2*c + 5*m - 764, -3*c + 13*m = 8*m - 1121. List the prime factors of c.
13, 29
Suppose -c - 5 = 3*z, -7 = -4*c - 0*c - 3*z. Suppose -5*q - 4*r - 23 = -9, c*q - 4*r + 40 = 0. What are the prime factors of (q + 7)*14/1?
2, 7
List the prime factors of (-39 - -5)/(-5 - -3).
17
Let p(f) = -5*f + 12. Let m be p(0). Suppose x - 76 = -m. What are the prime factors of x?
2
Suppose 3*p + 3059 = 5*i, 0 = p + 3 - 0. What are the prime factors of i?
2, 5, 61
Suppose -6*k + 3*k = 9, -5*k = -3*c + 717. Suppose -286 = -4*o + c. List the prime factors of o.
2, 5, 13
Let p be (-135)/(-30)*-6*1. Let l = 114 + -71. Let j = p + l. What are the prime factors of j?
2
Let r = -1316 - -1910. List the prime factors of r.
2, 3, 11
Let a = 3 - 3. Suppose -p - 22 - 58 = a. Let k = p - -116. List the prime factors of k.
2, 3
List the prime factors of -4 - (-27 - 3 - -7).
19
Let g = -16 - -18. Suppose 3*t = 5*y + 167, 4*t - g*y = 193 + 25. List the prime factors of t.
2, 3
Suppose -h + 224 = q, -41*h = -36*h - 5. What are the prime factors of q?
223
Let i = 531 + -286. What are the prime factors of i?
5, 7
Let b be (-756)/(-24)*(0 - 6). What are the prime factors of -2 - -3 - -2 - b?
2, 3
Let x = 1531 - 733. What are the prime factors of x?
2, 3, 7, 19
Let v = -7168 - 5720. List the prime factors of (-2)/11 - v/99.
2, 5, 13
Let t = -334 + 562. Suppose -144*g = -141*g - t. List the prime factors of g.
2, 19
Let w be (8/20 + -2)*5. Let n(y) = -4*y**3 + 11 + 3*y - 2*y - 8*y**2 + 3*y**3. List the prime factors of n(w).
3
Let b = -89 + 214. Let x = 240 - b. What are the prime factors of x?
5, 23
Let k = -1458 - -3641. List the prime factors of k.
37, 59
Suppose 6*y + 171 = 7*y. Let m = y + -64. List the prime factors of m.
107
Let n(f) = -f - 7. Let i be n(-4). Let y(l) = l + 1. Let z(j) = -3*j + 1. Let u(p) = -2*y(p) + z(p). What are the prime factors of u(i)?
2, 7
Suppose 710*y - 705*y - 7430 = 0. List the prime factors of y.
2, 743
Suppose 3*b = 8*b - 5*h - 4005, 2*h + 4011 = 5*b. What are the prime factors of b?
11, 73
Let a(z) = -z + 12. Let q be a(9). Suppose -19 = -4*x + 3*j, -q*j + 30 = x + 2*x. Suppose 53 + x = 2*v. What are the prime factors of v?
2, 3, 5
Let f be -1 - 2/(-4)*12. Suppose f*r = 1335 - 200. List the prime factors of r.
227
Suppose -3*t + 875 = 3*d - 8*t, 8 = -2*t. List the prime factors of d.
3, 5, 19
Let t(d) = 47*d - 1. Let u be t(1). Suppose 0 = -y + 41 + u. What are the prime factors of y?
3, 29
Suppose 0 = k - 4*b - 8, 2*k - 3*b - 2 = -1. Let a be (-780)/(-50) + k/(-10). Let m = a - 6. List the prime factors of m.
2, 5
Let f(z) = 7*z - 13. Let s(k) = -k**2 - 14*k + 25. Let t(j) = -11*f(j) - 6*s(j). List the prime factors of t(-5).
2, 3
What are the prime factors of (-27)/(-45) + 6/(-20)*-9318?
2, 3, 233
Let q(o) = o**3 - 15*o**2 - 15*o + 39. List the prime factors of q(17).
2, 181
Suppose -28693 = 54*m - 140851. What are the prime factors of m?
31, 67
Let m = 73 + -69. Suppose -2*z + 80 + 64 = m*l, l + 164 = 2*z. List the prime factors of z.
2, 5
Suppose 0 = -4*i + k + 5, -k = 3*i + 2 - 11. Suppose 3*c - 15 = 2*h - 3*h, -c + 12 = -i*h. What are the prime factors of c?
2, 3
Suppose 4*i + 23 - 7 = 4*t, t + i - 10 = 0. Suppose 0 = -y + t*y - 522. List the prime factors of y.
3, 29
Let l = 159 - 580. Let q = -270 - l. What are the prime factors of q?
151
Let x = 737 - -1350. What are the prime factors of x?
2087
Let g(v) = -v**3 - 38*v**2 - 33*v + 84. What are the prime factors of g(-40)?
2, 1151
Let s(w) = 6*w**2 - 5*w**2 + 0*w**2 - 5. What are the prime factors of s(-3)?
2
Suppose -5*d = -5*x - 848 - 442, 4*d + x - 1032 = 0. List the prime factors of d.
2, 3, 43
Suppose 4*s + 3*v = 310, -2*s + v = -3*v - 166. List the prime factors of s.
79
Let r(l) = 2*l - 6. Let a be r(5). Suppose 9*t - a*t + 39 = -2*i, 3*t = -2*i - 25. What are the prime factors of (-5)/(5/t) + 1?
2
Suppose -6*o + 4*o = -112. Suppose 4*s - 384 = -2*t + o, 2*s - 4*t = 240. List the prime factors of s.
2, 7
Suppose -5*h - 534 = -3*y, -3*y + 2*h + 48 + 477 = 0. List the prime factors of y.
173
Let h(x) = -x**2 - 11*x - 8. Let m be (10/(-3))/(1/3). Let r be h(m). Suppose r*d - 68 = -d + i, -60 = -2*d - 3*i. What are the prime factors of d?
2, 3
Let m(v) be the third derivative of 11*v**5/60 + v**4/8 - v**3/2 + 7*v**2. List the prime factors of m(-4).
7, 23
What are the prime factors of (7 - 0)*((-7494)/(-42))/1?
1249
Suppose 7*w + 6*w = 5161. List the prime factors of w.
397
Suppose 3*m + 246 = j - 0*j, j - 240 = 5*m. Suppose -g + j = -3*a, -255 = 6*a - 3*a - 3*g. Let d = a + 123. What are the prime factors of d?
2, 19
Suppose 0 = -31*h + 25*h + 2532. List the prime factors of h.
2, 211
Suppose 2*t - 7*t = -15. Let z = 1 + -1. Suppose 51 = t*j - z*j. What are the prime factors of j?
17
Suppose -l - 12 = -4*l. Suppose l*r - 215 = 3*x, -3*x + x + 62 = r. List the prime factors of r.
2, 7
Let x = 64 + -136. Let k = -439 + 453. What are the prime factors of ((-7)/k)/(2/x)?
2, 3
Suppose 0*n - 2*i = -2*n + 258, 119 = n + 4*i. What are the prime factors of n?
127
Let q = -24 - -19. Let n = -1 - q. Suppose -n*a + 0*a + 228 = 0. List the prime factors of a.
3, 19
Let l = 294 - -295. List the prime factors of l.
19, 31
Let k be -12 + 8 + -6 - (-1 - -3). Let l = 15 + k. What are the prime factors of l?
3
Let y be 2 + 11/(-7) + (-981)/(-63). Suppose -408 = -14*z - y. List the prime factors of z.
2, 7
Let w(q) = 9*q**2 - 26*q + 157. What are the prime factors of w(17)?
2, 3, 193
Let x(c) = -c**3 - 20*c**2 + 18*c + 17. List the prime factors of x(-21).
2, 5
What are the prime factors of -25*(-65 - -5 - -9)?
3, 5, 17
Suppose -2*c = 8, -5*m + 2*c = 3*c - 101. Let o(x) = x + 4. Let g be o(-6). What are the prime factors of (-48)/14*m/g?
2, 3
Let a(y) = y**3 - 36*y**2 - 84*y - 16. What are the prime factors of a(39)?
31, 41
Suppose 0 = 13*t - 5 - 60. Suppose 3*j + 762 = t*b, 2*b + j - 2*j - 304 = 0. List the prime factors of b.
2, 3, 5
What are the prime factors of (3/(-9))/(1/3) + 181?
2, 3, 5
Let p(j) = 2*j**3 + 13*j**2 - 7*j**2 + 4*j + 4 - 10*j**2. Let h(w) = 3*w**3 - 6*w**2 + 6*w + 6. Let c(i) = -5*h(i) + 8*p(i). What are the prime factors of c(2)?
2, 3
Let i(g) = -5*g - 3. Let f be i(-12). Let q = -28 + f. Let x = -17 + q. What are the prime factors of x?
2, 3
Let k = -47 + 482. List the prime factors of k.
3, 5, 29
List the prime factors of -2 - (0 + -155 + 5).
2, 37
Let r be 3 - (0 - -1)*-46. Suppose 88 = f - 5*w, 53 + r = f + 2*w. What are the prime factors of f?
2, 7
Let b(f) = 7*f**3 + 2*f + 1. Let a be b(-1). Let i = a - -13. Suppose -i*d + 5 + 25 = 0. What are the prime factors of d?
2, 3
Let a be -339*((-12)/8 + (-5)/(-2)). Let p = a - -558. List the prime factors of p.
3, 73
Suppose -32*n + 12391 = -49209. List the prime factors of n.
5, 7, 11
Let 